{"id":12319,"date":"2025-03-03T15:43:58","date_gmt":"2025-03-03T19:43:58","guid":{"rendered":"https:\/\/monastere.ca\/?post_type=pensions&#038;p=12319"},"modified":"2025-08-11T12:35:13","modified_gmt":"2025-08-11T16:35:13","slug":"le-self-care-pour-un-retour-a-soi-septembre-2025","status":"publish","type":"pensions","link":"https:\/\/monastere.ca\/en\/retreat\/le-self-care-pour-un-retour-a-soi-septembre-2025\/","title":{"rendered":"Le \u00abself-care\u00bb pour un retour \u00e0 soi"},"content":{"rendered":"","protected":false},"featured_media":0,"template":"","pension-tag":[],"class_list":["post-12319","pensions","type-pensions","status-publish","hentry","pension_organizer-cristel-lafleur"],"acf":[],"yoast_head":"<!-- This site is optimized with the Yoast SEO plugin v27.3 - https:\/\/yoast.com\/product\/yoast-seo-wordpress\/ -->\n<title>Le \u00abself-care\u00bb pour un retour \u00e0 soi - Monast\u00e8re des Augustines<\/title>\n<meta name=\"description\" content=\"R\u00e9g\u00e9n\u00e9ration et revitalisation du corps par l&#039;auto-soin. Une retraite pour revitaliser le m\u00e9tabolisme et apaiser le syst\u00e8me nerveux.\" \/>\n<meta name=\"robots\" content=\"index, follow, max-snippet:-1, max-image-preview:large, max-video-preview:-1\" \/>\n<link rel=\"canonical\" href=\"https:\/\/monastere.ca\/en\/retreat\/le-self-care-pour-un-retour-a-soi-septembre-2025\/\" \/>\n<meta property=\"og:locale\" content=\"en_US\" \/>\n<meta property=\"og:type\" content=\"article\" \/>\n<meta property=\"og:title\" content=\"Le \u00abself-care\u00bb pour un retour \u00e0 soi - Monast\u00e8re des Augustines\" \/>\n<meta property=\"og:description\" content=\"R\u00e9g\u00e9n\u00e9ration et revitalisation du corps par l&#039;auto-soin. Une retraite pour revitaliser le m\u00e9tabolisme et apaiser le syst\u00e8me nerveux.\" \/>\n<meta property=\"og:url\" content=\"https:\/\/monastere.ca\/en\/retreat\/le-self-care-pour-un-retour-a-soi-septembre-2025\/\" \/>\n<meta property=\"og:site_name\" content=\"Monast\u00e8re des Augustines\" \/>\n<meta property=\"article:publisher\" content=\"https:\/\/www.facebook.com\/monastere.ca\/?locale=fr_CA\" \/>\n<meta property=\"article:modified_time\" content=\"2025-08-11T16:35:13+00:00\" \/>\n<meta property=\"og:image\" content=\"https:\/\/monastere.ca\/wp-content\/uploads\/2023\/08\/Image_OG_1200x675.png\" \/>\n\t<meta property=\"og:image:width\" content=\"1200\" \/>\n\t<meta property=\"og:image:height\" content=\"675\" \/>\n\t<meta property=\"og:image:type\" content=\"image\/png\" \/>\n<meta name=\"twitter:card\" content=\"summary_large_image\" \/>\n<script type=\"application\/ld+json\" class=\"yoast-schema-graph\">{\"@context\":\"https:\\\/\\\/schema.org\",\"@graph\":[{\"@type\":\"WebPage\",\"@id\":\"https:\\\/\\\/monastere.ca\\\/en\\\/retreat\\\/le-self-care-pour-un-retour-a-soi-septembre-2025\\\/\",\"url\":\"https:\\\/\\\/monastere.ca\\\/en\\\/retreat\\\/le-self-care-pour-un-retour-a-soi-septembre-2025\\\/\",\"name\":\"Le \u00abself-care\u00bb pour un retour \u00e0 soi - Monast\u00e8re des Augustines\",\"isPartOf\":{\"@id\":\"https:\\\/\\\/monastere.ca\\\/en\\\/#website\"},\"datePublished\":\"2025-03-03T19:43:58+00:00\",\"dateModified\":\"2025-08-11T16:35:13+00:00\",\"description\":\"R\u00e9g\u00e9n\u00e9ration et revitalisation du corps par l'auto-soin. Une retraite pour revitaliser le m\u00e9tabolisme et apaiser le syst\u00e8me nerveux.\",\"breadcrumb\":{\"@id\":\"https:\\\/\\\/monastere.ca\\\/en\\\/retreat\\\/le-self-care-pour-un-retour-a-soi-septembre-2025\\\/#breadcrumb\"},\"inLanguage\":\"en-US\",\"potentialAction\":[{\"@type\":\"ReadAction\",\"target\":[\"https:\\\/\\\/monastere.ca\\\/en\\\/retreat\\\/le-self-care-pour-un-retour-a-soi-septembre-2025\\\/\"]}]},{\"@type\":\"BreadcrumbList\",\"@id\":\"https:\\\/\\\/monastere.ca\\\/en\\\/retreat\\\/le-self-care-pour-un-retour-a-soi-septembre-2025\\\/#breadcrumb\",\"itemListElement\":[{\"@type\":\"ListItem\",\"position\":1,\"name\":\"Accueil\",\"item\":\"https:\\\/\\\/monastere.ca\\\/en\\\/\"},{\"@type\":\"ListItem\",\"position\":2,\"name\":\"Le \u00abself-care\u00bb pour un retour \u00e0 soi\"}]},{\"@type\":\"WebSite\",\"@id\":\"https:\\\/\\\/monastere.ca\\\/en\\\/#website\",\"url\":\"https:\\\/\\\/monastere.ca\\\/en\\\/\",\"name\":\"Monast\u00e8re des Augustines\",\"description\":\"Monast\u00e8re des Augustines, un havre patrimonial authentique de sant\u00e9 et de mieux-\u00eatre avec atelier, spa, mus\u00e9e, restaurant et h\u00f4tellerie au Qu\u00e9bec.\",\"publisher\":{\"@id\":\"https:\\\/\\\/monastere.ca\\\/en\\\/#organization\"},\"potentialAction\":[{\"@type\":\"SearchAction\",\"target\":{\"@type\":\"EntryPoint\",\"urlTemplate\":\"https:\\\/\\\/monastere.ca\\\/en\\\/?s={search_term_string}\"},\"query-input\":{\"@type\":\"PropertyValueSpecification\",\"valueRequired\":true,\"valueName\":\"search_term_string\"}}],\"inLanguage\":\"en-US\"},{\"@type\":\"Organization\",\"@id\":\"https:\\\/\\\/monastere.ca\\\/en\\\/#organization\",\"name\":\"Monast\u00e8re des Augustines\",\"url\":\"https:\\\/\\\/monastere.ca\\\/en\\\/\",\"logo\":{\"@type\":\"ImageObject\",\"inLanguage\":\"en-US\",\"@id\":\"https:\\\/\\\/monastere.ca\\\/en\\\/#\\\/schema\\\/logo\\\/image\\\/\",\"url\":\"https:\\\/\\\/monastere.ca\\\/wp-content\\\/uploads\\\/2023\\\/07\\\/logo-monastere.svg\",\"contentUrl\":\"https:\\\/\\\/monastere.ca\\\/wp-content\\\/uploads\\\/2023\\\/07\\\/logo-monastere.svg\",\"width\":1,\"height\":1,\"caption\":\"Monast\u00e8re des Augustines\"},\"image\":{\"@id\":\"https:\\\/\\\/monastere.ca\\\/en\\\/#\\\/schema\\\/logo\\\/image\\\/\"},\"sameAs\":[\"https:\\\/\\\/www.facebook.com\\\/monastere.ca\\\/?locale=fr_CA\",\"https:\\\/\\\/www.instagram.com\\\/lemonasteredesaugustines\\\/\",\"https:\\\/\\\/www.linkedin.com\\\/company\\\/le-monastere-des-augustines\\\/?originalSubdomain=ca\",\"https:\\\/\\\/fr.tripadvisor.ca\\\/Hotel_Review-g155033-d8460643-Reviews-Le_Monastere_des_Augustines-Quebec_City_Quebec.html\"]}]}<\/script>\n<!-- \/ Yoast SEO plugin. -->","yoast_head_json":{"title":"Le \u00abself-care\u00bb pour un retour \u00e0 soi - Monast\u00e8re des Augustines","description":"R\u00e9g\u00e9n\u00e9ration et revitalisation du corps par l'auto-soin. Une retraite pour revitaliser le m\u00e9tabolisme et apaiser le syst\u00e8me nerveux.","robots":{"index":"index","follow":"follow","max-snippet":"max-snippet:-1","max-image-preview":"max-image-preview:large","max-video-preview":"max-video-preview:-1"},"canonical":"https:\/\/monastere.ca\/en\/retreat\/le-self-care-pour-un-retour-a-soi-septembre-2025\/","og_locale":"en_US","og_type":"article","og_title":"Le \u00abself-care\u00bb pour un retour \u00e0 soi - Monast\u00e8re des Augustines","og_description":"R\u00e9g\u00e9n\u00e9ration et revitalisation du corps par l'auto-soin. Une retraite pour revitaliser le m\u00e9tabolisme et apaiser le syst\u00e8me nerveux.","og_url":"https:\/\/monastere.ca\/en\/retreat\/le-self-care-pour-un-retour-a-soi-septembre-2025\/","og_site_name":"Monast\u00e8re des Augustines","article_publisher":"https:\/\/www.facebook.com\/monastere.ca\/?locale=fr_CA","article_modified_time":"2025-08-11T16:35:13+00:00","og_image":[{"width":1200,"height":675,"url":"https:\/\/monastere.ca\/wp-content\/uploads\/2023\/08\/Image_OG_1200x675.png","type":"image\/png"}],"twitter_card":"summary_large_image","schema":{"@context":"https:\/\/schema.org","@graph":[{"@type":"WebPage","@id":"https:\/\/monastere.ca\/en\/retreat\/le-self-care-pour-un-retour-a-soi-septembre-2025\/","url":"https:\/\/monastere.ca\/en\/retreat\/le-self-care-pour-un-retour-a-soi-septembre-2025\/","name":"Le \u00abself-care\u00bb pour un retour \u00e0 soi - Monast\u00e8re des Augustines","isPartOf":{"@id":"https:\/\/monastere.ca\/en\/#website"},"datePublished":"2025-03-03T19:43:58+00:00","dateModified":"2025-08-11T16:35:13+00:00","description":"R\u00e9g\u00e9n\u00e9ration et revitalisation du corps par l'auto-soin. Une retraite pour revitaliser le m\u00e9tabolisme et apaiser le syst\u00e8me nerveux.","breadcrumb":{"@id":"https:\/\/monastere.ca\/en\/retreat\/le-self-care-pour-un-retour-a-soi-septembre-2025\/#breadcrumb"},"inLanguage":"en-US","potentialAction":[{"@type":"ReadAction","target":["https:\/\/monastere.ca\/en\/retreat\/le-self-care-pour-un-retour-a-soi-septembre-2025\/"]}]},{"@type":"BreadcrumbList","@id":"https:\/\/monastere.ca\/en\/retreat\/le-self-care-pour-un-retour-a-soi-septembre-2025\/#breadcrumb","itemListElement":[{"@type":"ListItem","position":1,"name":"Accueil","item":"https:\/\/monastere.ca\/en\/"},{"@type":"ListItem","position":2,"name":"Le \u00abself-care\u00bb pour un retour \u00e0 soi"}]},{"@type":"WebSite","@id":"https:\/\/monastere.ca\/en\/#website","url":"https:\/\/monastere.ca\/en\/","name":"Monast\u00e8re des Augustines","description":"Monast\u00e8re des Augustines, un havre patrimonial authentique de sant\u00e9 et de mieux-\u00eatre avec atelier, spa, mus\u00e9e, restaurant et h\u00f4tellerie au Qu\u00e9bec.","publisher":{"@id":"https:\/\/monastere.ca\/en\/#organization"},"potentialAction":[{"@type":"SearchAction","target":{"@type":"EntryPoint","urlTemplate":"https:\/\/monastere.ca\/en\/?s={search_term_string}"},"query-input":{"@type":"PropertyValueSpecification","valueRequired":true,"valueName":"search_term_string"}}],"inLanguage":"en-US"},{"@type":"Organization","@id":"https:\/\/monastere.ca\/en\/#organization","name":"Monast\u00e8re des Augustines","url":"https:\/\/monastere.ca\/en\/","logo":{"@type":"ImageObject","inLanguage":"en-US","@id":"https:\/\/monastere.ca\/en\/#\/schema\/logo\/image\/","url":"https:\/\/monastere.ca\/wp-content\/uploads\/2023\/07\/logo-monastere.svg","contentUrl":"https:\/\/monastere.ca\/wp-content\/uploads\/2023\/07\/logo-monastere.svg","width":1,"height":1,"caption":"Monast\u00e8re des Augustines"},"image":{"@id":"https:\/\/monastere.ca\/en\/#\/schema\/logo\/image\/"},"sameAs":["https:\/\/www.facebook.com\/monastere.ca\/?locale=fr_CA","https:\/\/www.instagram.com\/lemonasteredesaugustines\/","https:\/\/www.linkedin.com\/company\/le-monastere-des-augustines\/?originalSubdomain=ca","https:\/\/fr.tripadvisor.ca\/Hotel_Review-g155033-d8460643-Reviews-Le_Monastere_des_Augustines-Quebec_City_Quebec.html"]}]}},"publishpress_future_workflow_manual_trigger":{"enabledWorkflows":[]},"_links":{"self":[{"href":"https:\/\/monastere.ca\/en\/wp-json\/wp\/v2\/pensions\/12319","targetHints":{"allow":["GET"]}}],"collection":[{"href":"https:\/\/monastere.ca\/en\/wp-json\/wp\/v2\/pensions"}],"about":[{"href":"https:\/\/monastere.ca\/en\/wp-json\/wp\/v2\/types\/pensions"}],"wp:attachment":[{"href":"https:\/\/monastere.ca\/en\/wp-json\/wp\/v2\/media?parent=12319"}],"wp:term":[{"taxonomy":"pension-tag","embeddable":true,"href":"https:\/\/monastere.ca\/en\/wp-json\/wp\/v2\/pension-tag?post=12319"}],"curies":[{"name":"wp","href":"https:\/\/api.w.org\/{rel}","templated":true}]}}

Le «self-care» pour un retour à soi

<!-- This site is optimized with the Yoast SEO plugin v27.3 - https://yoast.com/product/yoast-seo-wordpress/ -->
<title>Le «self-care» pour un retour à soi - Monastère des Augustines</title>
<meta name="description" content="Régénération et revitalisation du corps par l&#039;auto-soin. Une retraite pour revitaliser le métabolisme et apaiser le système nerveux." />
<meta name="robots" content="index, follow, max-snippet:-1, max-image-preview:large, max-video-preview:-1" />
<link rel="canonical" href="https://monastere.ca/en/retreat/le-self-care-pour-un-retour-a-soi-septembre-2025/" />
<meta property="og:locale" content="en_US" />
<meta property="og:type" content="article" />
<meta property="og:title" content="Le «self-care» pour un retour à soi - Monastère des Augustines" />
<meta property="og:description" content="Régénération et revitalisation du corps par l&#039;auto-soin. Une retraite pour revitaliser le métabolisme et apaiser le système nerveux." />
<meta property="og:url" content="https://monastere.ca/en/retreat/le-self-care-pour-un-retour-a-soi-septembre-2025/" />
<meta property="og:site_name" content="Monastère des Augustines" />
<meta property="article:publisher" content="https://www.facebook.com/monastere.ca/?locale=fr_CA" />
<meta property="article:modified_time" content="2025-08-11T16:35:13+00:00" />
<meta property="og:image" content="https://monastere.ca/wp-content/uploads/2023/08/Image_OG_1200x675.png" />
	<meta property="og:image:width" content="1200" />
	<meta property="og:image:height" content="675" />
	<meta property="og:image:type" content="image/png" />
<meta name="twitter:card" content="summary_large_image" />
<script type="application/ld+json" class="yoast-schema-graph">{"@context":"https:\/\/schema.org","@graph":[{"@type":"WebPage","@id":"https:\/\/monastere.ca\/en\/retreat\/le-self-care-pour-un-retour-a-soi-septembre-2025\/","url":"https:\/\/monastere.ca\/en\/retreat\/le-self-care-pour-un-retour-a-soi-septembre-2025\/","name":"Le «self-care» pour un retour à soi - Monastère des Augustines","isPartOf":{"@id":"https:\/\/monastere.ca\/en\/#website"},"datePublished":"2025-03-03T19:43:58+00:00","dateModified":"2025-08-11T16:35:13+00:00","description":"Régénération et revitalisation du corps par l'auto-soin. Une retraite pour revitaliser le métabolisme et apaiser le système nerveux.","breadcrumb":{"@id":"https:\/\/monastere.ca\/en\/retreat\/le-self-care-pour-un-retour-a-soi-septembre-2025\/#breadcrumb"},"inLanguage":"en-US","potentialAction":[{"@type":"ReadAction","target":["https:\/\/monastere.ca\/en\/retreat\/le-self-care-pour-un-retour-a-soi-septembre-2025\/"]}]},{"@type":"BreadcrumbList","@id":"https:\/\/monastere.ca\/en\/retreat\/le-self-care-pour-un-retour-a-soi-septembre-2025\/#breadcrumb","itemListElement":[{"@type":"ListItem","position":1,"name":"Accueil","item":"https:\/\/monastere.ca\/en\/"},{"@type":"ListItem","position":2,"name":"Le «self-care» pour un retour à soi"}]},{"@type":"WebSite","@id":"https:\/\/monastere.ca\/en\/#website","url":"https:\/\/monastere.ca\/en\/","name":"Monastère des Augustines","description":"Monastère des Augustines, un havre patrimonial authentique de santé et de mieux-être avec atelier, spa, musée, restaurant et hôtellerie au Québec.","publisher":{"@id":"https:\/\/monastere.ca\/en\/#organization"},"potentialAction":[{"@type":"SearchAction","target":{"@type":"EntryPoint","urlTemplate":"https:\/\/monastere.ca\/en\/?s={search_term_string}"},"query-input":{"@type":"PropertyValueSpecification","valueRequired":true,"valueName":"search_term_string"}}],"inLanguage":"en-US"},{"@type":"Organization","@id":"https:\/\/monastere.ca\/en\/#organization","name":"Monastère des Augustines","url":"https:\/\/monastere.ca\/en\/","logo":{"@type":"ImageObject","inLanguage":"en-US","@id":"https:\/\/monastere.ca\/en\/#\/schema\/logo\/image\/","url":"https:\/\/monastere.ca\/wp-content\/uploads\/2023\/07\/logo-monastere.svg","contentUrl":"https:\/\/monastere.ca\/wp-content\/uploads\/2023\/07\/logo-monastere.svg","width":1,"height":1,"caption":"Monastère des Augustines"},"image":{"@id":"https:\/\/monastere.ca\/en\/#\/schema\/logo\/image\/"},"sameAs":["https:\/\/www.facebook.com\/monastere.ca\/?locale=fr_CA","https:\/\/www.instagram.com\/lemonasteredesaugustines\/","https:\/\/www.linkedin.com\/company\/le-monastere-des-augustines\/?originalSubdomain=ca","https:\/\/fr.tripadvisor.ca\/Hotel_Review-g155033-d8460643-Reviews-Le_Monastere_des_Augustines-Quebec_City_Quebec.html"]}]}</script>
<!-- / Yoast SEO plugin. -->

Le «self-care» pour un retour à soi - Monastère des Augustines

Régénération et revitalisation du corps par l'auto-soin. Une retraite pour revitaliser le métabolisme et apaiser le système nerveux.

Monastère des Augustines

Monastère des Augustines, un havre patrimonial authentique de santé et de mieux-être avec atelier, spa, musée, restaurant et hôtellerie au Québec.
