{"id":3048,"date":"2023-09-05T13:19:38","date_gmt":"2023-09-05T17:19:38","guid":{"rendered":"https:\/\/monastere.ca\/?post_type=activities&#038;p=3048"},"modified":"2023-10-02T16:13:47","modified_gmt":"2023-10-02T20:13:47","slug":"conference-resquiescat-in-pace-la-mort-a-quebec-17-20e-siecles","status":"publish","type":"activities","link":"https:\/\/monastere.ca\/en\/activity\/conference-resquiescat-in-pace-la-mort-a-quebec-17-20e-siecles\/","title":{"rendered":"Conf\u00e9rence \u00ab Resquiescat in pace : La mort \u00e0 Qu\u00e9bec (17-20e si\u00e8cles) \u00bb"},"content":{"rendered":"","protected":false},"featured_media":0,"template":"","activity-category":[43],"class_list":["post-3048","activities","type-activities","status-publish","hentry","activity-category-conferences","organizer-catherine-ferland"],"acf":[],"yoast_head":"<!-- This site is optimized with the Yoast SEO plugin v27.3 - https:\/\/yoast.com\/product\/yoast-seo-wordpress\/ -->\n<title>Conf\u00e9rence \u00ab Resquiescat in pace : La mort \u00e0 Qu\u00e9bec (17-20e si\u00e8cles) \u00bb - Monast\u00e8re des Augustines<\/title>\n<meta name=\"description\" content=\"Le Monast\u00e8re des Augustines vous convie \u00e0 une conf\u00e9rence de l&#039;historienne Catherine Ferland. Le billet inclut un acc\u00e8s au Mus\u00e9e.\" \/>\n<meta name=\"robots\" content=\"index, follow, max-snippet:-1, max-image-preview:large, max-video-preview:-1\" \/>\n<link rel=\"canonical\" href=\"https:\/\/monastere.ca\/en\/activity\/conference-resquiescat-in-pace-la-mort-a-quebec-17-20e-siecles\/\" \/>\n<meta property=\"og:locale\" content=\"en_US\" \/>\n<meta property=\"og:type\" content=\"article\" \/>\n<meta property=\"og:title\" content=\"Conf\u00e9rence \u00ab Resquiescat in pace : La mort \u00e0 Qu\u00e9bec (17-20e si\u00e8cles) \u00bb - Monast\u00e8re des Augustines\" \/>\n<meta property=\"og:description\" content=\"Le Monast\u00e8re des Augustines vous convie \u00e0 une conf\u00e9rence de l&#039;historienne Catherine Ferland. Le billet inclut un acc\u00e8s au Mus\u00e9e.\" \/>\n<meta property=\"og:url\" content=\"https:\/\/monastere.ca\/en\/activity\/conference-resquiescat-in-pace-la-mort-a-quebec-17-20e-siecles\/\" \/>\n<meta property=\"og:site_name\" content=\"Monast\u00e8re des Augustines\" \/>\n<meta property=\"article:publisher\" content=\"https:\/\/www.facebook.com\/monastere.ca\/?locale=fr_CA\" \/>\n<meta property=\"article:modified_time\" content=\"2023-10-02T20:13:47+00:00\" \/>\n<meta property=\"og:image\" content=\"https:\/\/monastere.ca\/wp-content\/uploads\/2023\/08\/Image_OG_1200x675.png\" \/>\n\t<meta property=\"og:image:width\" content=\"1200\" \/>\n\t<meta property=\"og:image:height\" content=\"675\" \/>\n\t<meta property=\"og:image:type\" content=\"image\/png\" \/>\n<meta name=\"twitter:card\" content=\"summary_large_image\" \/>\n<script type=\"application\/ld+json\" class=\"yoast-schema-graph\">{\"@context\":\"https:\\\/\\\/schema.org\",\"@graph\":[{\"@type\":\"WebPage\",\"@id\":\"https:\\\/\\\/monastere.ca\\\/en\\\/activity\\\/conference-resquiescat-in-pace-la-mort-a-quebec-17-20e-siecles\\\/\",\"url\":\"https:\\\/\\\/monastere.ca\\\/en\\\/activity\\\/conference-resquiescat-in-pace-la-mort-a-quebec-17-20e-siecles\\\/\",\"name\":\"Conf\u00e9rence \u00ab Resquiescat in pace : La mort \u00e0 Qu\u00e9bec (17-20e si\u00e8cles) \u00bb - Monast\u00e8re des Augustines\",\"isPartOf\":{\"@id\":\"https:\\\/\\\/monastere.ca\\\/en\\\/#website\"},\"datePublished\":\"2023-09-05T17:19:38+00:00\",\"dateModified\":\"2023-10-02T20:13:47+00:00\",\"description\":\"Le Monast\u00e8re des Augustines vous convie \u00e0 une conf\u00e9rence de l'historienne Catherine Ferland. Le billet inclut un acc\u00e8s au Mus\u00e9e.\",\"breadcrumb\":{\"@id\":\"https:\\\/\\\/monastere.ca\\\/en\\\/activity\\\/conference-resquiescat-in-pace-la-mort-a-quebec-17-20e-siecles\\\/#breadcrumb\"},\"inLanguage\":\"en-US\",\"potentialAction\":[{\"@type\":\"ReadAction\",\"target\":[\"https:\\\/\\\/monastere.ca\\\/en\\\/activity\\\/conference-resquiescat-in-pace-la-mort-a-quebec-17-20e-siecles\\\/\"]}]},{\"@type\":\"BreadcrumbList\",\"@id\":\"https:\\\/\\\/monastere.ca\\\/en\\\/activity\\\/conference-resquiescat-in-pace-la-mort-a-quebec-17-20e-siecles\\\/#breadcrumb\",\"itemListElement\":[{\"@type\":\"ListItem\",\"position\":1,\"name\":\"Accueil\",\"item\":\"https:\\\/\\\/monastere.ca\\\/en\\\/\"},{\"@type\":\"ListItem\",\"position\":2,\"name\":\"Conf\u00e9rence \u00ab Resquiescat in pace : La mort \u00e0 Qu\u00e9bec (17-20e si\u00e8cles) \u00bb\"}]},{\"@type\":\"WebSite\",\"@id\":\"https:\\\/\\\/monastere.ca\\\/en\\\/#website\",\"url\":\"https:\\\/\\\/monastere.ca\\\/en\\\/\",\"name\":\"Monast\u00e8re des Augustines\",\"description\":\"Monast\u00e8re des Augustines, un havre patrimonial authentique de sant\u00e9 et de mieux-\u00eatre avec atelier, spa, mus\u00e9e, restaurant et h\u00f4tellerie au Qu\u00e9bec.\",\"publisher\":{\"@id\":\"https:\\\/\\\/monastere.ca\\\/en\\\/#organization\"},\"potentialAction\":[{\"@type\":\"SearchAction\",\"target\":{\"@type\":\"EntryPoint\",\"urlTemplate\":\"https:\\\/\\\/monastere.ca\\\/en\\\/?s={search_term_string}\"},\"query-input\":{\"@type\":\"PropertyValueSpecification\",\"valueRequired\":true,\"valueName\":\"search_term_string\"}}],\"inLanguage\":\"en-US\"},{\"@type\":\"Organization\",\"@id\":\"https:\\\/\\\/monastere.ca\\\/en\\\/#organization\",\"name\":\"Monast\u00e8re des Augustines\",\"url\":\"https:\\\/\\\/monastere.ca\\\/en\\\/\",\"logo\":{\"@type\":\"ImageObject\",\"inLanguage\":\"en-US\",\"@id\":\"https:\\\/\\\/monastere.ca\\\/en\\\/#\\\/schema\\\/logo\\\/image\\\/\",\"url\":\"https:\\\/\\\/monastere.ca\\\/wp-content\\\/uploads\\\/2023\\\/07\\\/logo-monastere.svg\",\"contentUrl\":\"https:\\\/\\\/monastere.ca\\\/wp-content\\\/uploads\\\/2023\\\/07\\\/logo-monastere.svg\",\"width\":1,\"height\":1,\"caption\":\"Monast\u00e8re des Augustines\"},\"image\":{\"@id\":\"https:\\\/\\\/monastere.ca\\\/en\\\/#\\\/schema\\\/logo\\\/image\\\/\"},\"sameAs\":[\"https:\\\/\\\/www.facebook.com\\\/monastere.ca\\\/?locale=fr_CA\",\"https:\\\/\\\/www.instagram.com\\\/lemonasteredesaugustines\\\/\",\"https:\\\/\\\/www.linkedin.com\\\/company\\\/le-monastere-des-augustines\\\/?originalSubdomain=ca\",\"https:\\\/\\\/fr.tripadvisor.ca\\\/Hotel_Review-g155033-d8460643-Reviews-Le_Monastere_des_Augustines-Quebec_City_Quebec.html\"]}]}<\/script>\n<!-- \/ Yoast SEO plugin. -->","yoast_head_json":{"title":"Conf\u00e9rence \u00ab Resquiescat in pace : La mort \u00e0 Qu\u00e9bec (17-20e si\u00e8cles) \u00bb - Monast\u00e8re des Augustines","description":"Le Monast\u00e8re des Augustines vous convie \u00e0 une conf\u00e9rence de l'historienne Catherine Ferland. Le billet inclut un acc\u00e8s au Mus\u00e9e.","robots":{"index":"index","follow":"follow","max-snippet":"max-snippet:-1","max-image-preview":"max-image-preview:large","max-video-preview":"max-video-preview:-1"},"canonical":"https:\/\/monastere.ca\/en\/activity\/conference-resquiescat-in-pace-la-mort-a-quebec-17-20e-siecles\/","og_locale":"en_US","og_type":"article","og_title":"Conf\u00e9rence \u00ab Resquiescat in pace : La mort \u00e0 Qu\u00e9bec (17-20e si\u00e8cles) \u00bb - Monast\u00e8re des Augustines","og_description":"Le Monast\u00e8re des Augustines vous convie \u00e0 une conf\u00e9rence de l'historienne Catherine Ferland. Le billet inclut un acc\u00e8s au Mus\u00e9e.","og_url":"https:\/\/monastere.ca\/en\/activity\/conference-resquiescat-in-pace-la-mort-a-quebec-17-20e-siecles\/","og_site_name":"Monast\u00e8re des Augustines","article_publisher":"https:\/\/www.facebook.com\/monastere.ca\/?locale=fr_CA","article_modified_time":"2023-10-02T20:13:47+00:00","og_image":[{"width":1200,"height":675,"url":"https:\/\/monastere.ca\/wp-content\/uploads\/2023\/08\/Image_OG_1200x675.png","type":"image\/png"}],"twitter_card":"summary_large_image","schema":{"@context":"https:\/\/schema.org","@graph":[{"@type":"WebPage","@id":"https:\/\/monastere.ca\/en\/activity\/conference-resquiescat-in-pace-la-mort-a-quebec-17-20e-siecles\/","url":"https:\/\/monastere.ca\/en\/activity\/conference-resquiescat-in-pace-la-mort-a-quebec-17-20e-siecles\/","name":"Conf\u00e9rence \u00ab Resquiescat in pace : La mort \u00e0 Qu\u00e9bec (17-20e si\u00e8cles) \u00bb - Monast\u00e8re des Augustines","isPartOf":{"@id":"https:\/\/monastere.ca\/en\/#website"},"datePublished":"2023-09-05T17:19:38+00:00","dateModified":"2023-10-02T20:13:47+00:00","description":"Le Monast\u00e8re des Augustines vous convie \u00e0 une conf\u00e9rence de l'historienne Catherine Ferland. Le billet inclut un acc\u00e8s au Mus\u00e9e.","breadcrumb":{"@id":"https:\/\/monastere.ca\/en\/activity\/conference-resquiescat-in-pace-la-mort-a-quebec-17-20e-siecles\/#breadcrumb"},"inLanguage":"en-US","potentialAction":[{"@type":"ReadAction","target":["https:\/\/monastere.ca\/en\/activity\/conference-resquiescat-in-pace-la-mort-a-quebec-17-20e-siecles\/"]}]},{"@type":"BreadcrumbList","@id":"https:\/\/monastere.ca\/en\/activity\/conference-resquiescat-in-pace-la-mort-a-quebec-17-20e-siecles\/#breadcrumb","itemListElement":[{"@type":"ListItem","position":1,"name":"Accueil","item":"https:\/\/monastere.ca\/en\/"},{"@type":"ListItem","position":2,"name":"Conf\u00e9rence \u00ab Resquiescat in pace : La mort \u00e0 Qu\u00e9bec (17-20e si\u00e8cles) \u00bb"}]},{"@type":"WebSite","@id":"https:\/\/monastere.ca\/en\/#website","url":"https:\/\/monastere.ca\/en\/","name":"Monast\u00e8re des Augustines","description":"Monast\u00e8re des Augustines, un havre patrimonial authentique de sant\u00e9 et de mieux-\u00eatre avec atelier, spa, mus\u00e9e, restaurant et h\u00f4tellerie au Qu\u00e9bec.","publisher":{"@id":"https:\/\/monastere.ca\/en\/#organization"},"potentialAction":[{"@type":"SearchAction","target":{"@type":"EntryPoint","urlTemplate":"https:\/\/monastere.ca\/en\/?s={search_term_string}"},"query-input":{"@type":"PropertyValueSpecification","valueRequired":true,"valueName":"search_term_string"}}],"inLanguage":"en-US"},{"@type":"Organization","@id":"https:\/\/monastere.ca\/en\/#organization","name":"Monast\u00e8re des Augustines","url":"https:\/\/monastere.ca\/en\/","logo":{"@type":"ImageObject","inLanguage":"en-US","@id":"https:\/\/monastere.ca\/en\/#\/schema\/logo\/image\/","url":"https:\/\/monastere.ca\/wp-content\/uploads\/2023\/07\/logo-monastere.svg","contentUrl":"https:\/\/monastere.ca\/wp-content\/uploads\/2023\/07\/logo-monastere.svg","width":1,"height":1,"caption":"Monast\u00e8re des Augustines"},"image":{"@id":"https:\/\/monastere.ca\/en\/#\/schema\/logo\/image\/"},"sameAs":["https:\/\/www.facebook.com\/monastere.ca\/?locale=fr_CA","https:\/\/www.instagram.com\/lemonasteredesaugustines\/","https:\/\/www.linkedin.com\/company\/le-monastere-des-augustines\/?originalSubdomain=ca","https:\/\/fr.tripadvisor.ca\/Hotel_Review-g155033-d8460643-Reviews-Le_Monastere_des_Augustines-Quebec_City_Quebec.html"]}]}},"publishpress_future_workflow_manual_trigger":{"enabledWorkflows":[]},"_links":{"self":[{"href":"https:\/\/monastere.ca\/en\/wp-json\/wp\/v2\/activities\/3048","targetHints":{"allow":["GET"]}}],"collection":[{"href":"https:\/\/monastere.ca\/en\/wp-json\/wp\/v2\/activities"}],"about":[{"href":"https:\/\/monastere.ca\/en\/wp-json\/wp\/v2\/types\/activities"}],"wp:attachment":[{"href":"https:\/\/monastere.ca\/en\/wp-json\/wp\/v2\/media?parent=3048"}],"wp:term":[{"taxonomy":"activity-category","embeddable":true,"href":"https:\/\/monastere.ca\/en\/wp-json\/wp\/v2\/activity-category?post=3048"}],"curies":[{"name":"wp","href":"https:\/\/api.w.org\/{rel}","templated":true}]}}

Conférence « Resquiescat in pace : La mort à Québec (17-20e siècles) »

<!-- This site is optimized with the Yoast SEO plugin v27.3 - https://yoast.com/product/yoast-seo-wordpress/ -->
<title>Conférence « Resquiescat in pace : La mort à Québec (17-20e siècles) » - Monastère des Augustines</title>
<meta name="description" content="Le Monastère des Augustines vous convie à une conférence de l&#039;historienne Catherine Ferland. Le billet inclut un accès au Musée." />
<meta name="robots" content="index, follow, max-snippet:-1, max-image-preview:large, max-video-preview:-1" />
<link rel="canonical" href="https://monastere.ca/en/activity/conference-resquiescat-in-pace-la-mort-a-quebec-17-20e-siecles/" />
<meta property="og:locale" content="en_US" />
<meta property="og:type" content="article" />
<meta property="og:title" content="Conférence « Resquiescat in pace : La mort à Québec (17-20e siècles) » - Monastère des Augustines" />
<meta property="og:description" content="Le Monastère des Augustines vous convie à une conférence de l&#039;historienne Catherine Ferland. Le billet inclut un accès au Musée." />
<meta property="og:url" content="https://monastere.ca/en/activity/conference-resquiescat-in-pace-la-mort-a-quebec-17-20e-siecles/" />
<meta property="og:site_name" content="Monastère des Augustines" />
<meta property="article:publisher" content="https://www.facebook.com/monastere.ca/?locale=fr_CA" />
<meta property="article:modified_time" content="2023-10-02T20:13:47+00:00" />
<meta property="og:image" content="https://monastere.ca/wp-content/uploads/2023/08/Image_OG_1200x675.png" />
	<meta property="og:image:width" content="1200" />
	<meta property="og:image:height" content="675" />
	<meta property="og:image:type" content="image/png" />
<meta name="twitter:card" content="summary_large_image" />
<script type="application/ld+json" class="yoast-schema-graph">{"@context":"https:\/\/schema.org","@graph":[{"@type":"WebPage","@id":"https:\/\/monastere.ca\/en\/activity\/conference-resquiescat-in-pace-la-mort-a-quebec-17-20e-siecles\/","url":"https:\/\/monastere.ca\/en\/activity\/conference-resquiescat-in-pace-la-mort-a-quebec-17-20e-siecles\/","name":"Conférence « Resquiescat in pace : La mort à Québec (17-20e siècles) » - Monastère des Augustines","isPartOf":{"@id":"https:\/\/monastere.ca\/en\/#website"},"datePublished":"2023-09-05T17:19:38+00:00","dateModified":"2023-10-02T20:13:47+00:00","description":"Le Monastère des Augustines vous convie à une conférence de l'historienne Catherine Ferland. Le billet inclut un accès au Musée.","breadcrumb":{"@id":"https:\/\/monastere.ca\/en\/activity\/conference-resquiescat-in-pace-la-mort-a-quebec-17-20e-siecles\/#breadcrumb"},"inLanguage":"en-US","potentialAction":[{"@type":"ReadAction","target":["https:\/\/monastere.ca\/en\/activity\/conference-resquiescat-in-pace-la-mort-a-quebec-17-20e-siecles\/"]}]},{"@type":"BreadcrumbList","@id":"https:\/\/monastere.ca\/en\/activity\/conference-resquiescat-in-pace-la-mort-a-quebec-17-20e-siecles\/#breadcrumb","itemListElement":[{"@type":"ListItem","position":1,"name":"Accueil","item":"https:\/\/monastere.ca\/en\/"},{"@type":"ListItem","position":2,"name":"Conférence « Resquiescat in pace : La mort à Québec (17-20e siècles) »"}]},{"@type":"WebSite","@id":"https:\/\/monastere.ca\/en\/#website","url":"https:\/\/monastere.ca\/en\/","name":"Monastère des Augustines","description":"Monastère des Augustines, un havre patrimonial authentique de santé et de mieux-être avec atelier, spa, musée, restaurant et hôtellerie au Québec.","publisher":{"@id":"https:\/\/monastere.ca\/en\/#organization"},"potentialAction":[{"@type":"SearchAction","target":{"@type":"EntryPoint","urlTemplate":"https:\/\/monastere.ca\/en\/?s={search_term_string}"},"query-input":{"@type":"PropertyValueSpecification","valueRequired":true,"valueName":"search_term_string"}}],"inLanguage":"en-US"},{"@type":"Organization","@id":"https:\/\/monastere.ca\/en\/#organization","name":"Monastère des Augustines","url":"https:\/\/monastere.ca\/en\/","logo":{"@type":"ImageObject","inLanguage":"en-US","@id":"https:\/\/monastere.ca\/en\/#\/schema\/logo\/image\/","url":"https:\/\/monastere.ca\/wp-content\/uploads\/2023\/07\/logo-monastere.svg","contentUrl":"https:\/\/monastere.ca\/wp-content\/uploads\/2023\/07\/logo-monastere.svg","width":1,"height":1,"caption":"Monastère des Augustines"},"image":{"@id":"https:\/\/monastere.ca\/en\/#\/schema\/logo\/image\/"},"sameAs":["https:\/\/www.facebook.com\/monastere.ca\/?locale=fr_CA","https:\/\/www.instagram.com\/lemonasteredesaugustines\/","https:\/\/www.linkedin.com\/company\/le-monastere-des-augustines\/?originalSubdomain=ca","https:\/\/fr.tripadvisor.ca\/Hotel_Review-g155033-d8460643-Reviews-Le_Monastere_des_Augustines-Quebec_City_Quebec.html"]}]}</script>
<!-- / Yoast SEO plugin. -->

Conférence « Resquiescat in pace : La mort à Québec (17-20e siècles) » - Monastère des Augustines

Le Monastère des Augustines vous convie à une conférence de l'historienne Catherine Ferland. Le billet inclut un accès au Musée.

Monastère des Augustines

Monastère des Augustines, un havre patrimonial authentique de santé et de mieux-être avec atelier, spa, musée, restaurant et hôtellerie au Québec.
