{"version":"1.0","provider_name":"Monast\u00e8re des Augustines","provider_url":"https:\/\/monastere.ca\/en\/","author_name":"ixmedia","author_url":"https:\/\/monastere.ca\/en\/author\/ixmedia\/","title":"Atelier d\u2019un jour - \u00c9quilibre et enracinement - Monast\u00e8re des Augustines","type":"rich","width":600,"height":338,"html":"<blockquote class=\"wp-embedded-content\" data-secret=\"2Bge3fkPxt\"><a href=\"https:\/\/monastere.ca\/en\/activity\/atelier-dun-jour-equilibre-et-enracinement\/\">Atelier d\u2019un jour &#8211; \u00c9quilibre et enracinement<\/a><\/blockquote><iframe sandbox=\"allow-scripts\" security=\"restricted\" src=\"https:\/\/monastere.ca\/en\/activity\/atelier-dun-jour-equilibre-et-enracinement\/embed\/#?secret=2Bge3fkPxt\" width=\"600\" height=\"338\" title=\"&#8220;Atelier d\u2019un jour &#8211; \u00c9quilibre et enracinement&#8221; &#8212; Monast\u00e8re des Augustines\" data-secret=\"2Bge3fkPxt\" frameborder=\"0\" marginwidth=\"0\" marginheight=\"0\" scrolling=\"no\" class=\"wp-embedded-content\"><\/iframe><script type=\"text\/javascript\">\n\/* <![CDATA[ *\/\n\/*! This file is auto-generated *\/\n!function(d,l){\"use strict\";l.querySelector&&d.addEventListener&&\"undefined\"!=typeof URL&&(d.wp=d.wp||{},d.wp.receiveEmbedMessage||(d.wp.receiveEmbedMessage=function(e){var t=e.data;if((t||t.secret||t.message||t.value)&&!\/[^a-zA-Z0-9]\/.test(t.secret)){for(var s,r,n,a=l.querySelectorAll('iframe[data-secret=\"'+t.secret+'\"]'),o=l.querySelectorAll('blockquote[data-secret=\"'+t.secret+'\"]'),c=new RegExp(\"^https?:$\",\"i\"),i=0;i<o.length;i++)o[i].style.display=\"none\";for(i=0;i<a.length;i++)s=a[i],e.source===s.contentWindow&&(s.removeAttribute(\"style\"),\"height\"===t.message?(1e3<(r=parseInt(t.value,10))?r=1e3:~~r<200&&(r=200),s.height=r):\"link\"===t.message&&(r=new URL(s.getAttribute(\"src\")),n=new URL(t.value),c.test(n.protocol))&&n.host===r.host&&l.activeElement===s&&(d.top.location.href=t.value))}},d.addEventListener(\"message\",d.wp.receiveEmbedMessage,!1),l.addEventListener(\"DOMContentLoaded\",function(){for(var e,t,s=l.querySelectorAll(\"iframe.wp-embedded-content\"),r=0;r<s.length;r++)(t=(e=s[r]).getAttribute(\"data-secret\"))||(t=Math.random().toString(36).substring(2,12),e.src+=\"#?secret=\"+t,e.setAttribute(\"data-secret\",t)),e.contentWindow.postMessage({message:\"ready\",secret:t},\"*\")},!1)))}(window,document);\n\/\/# sourceURL=https:\/\/monastere.ca\/wp-includes\/js\/wp-embed.min.js\n\/* ]]> *\/\n<\/script>\n","description":"L\u2019automne invite \u00e0 revenir \u00e0 soi et \u00e0 ralentir. Profitez d\u2019une journ\u00e9e en compagnie de Capucine Chartrand, o\u00f9 yoga, herboristerie et m\u00e9ditation vous outilleront pour trouver un espace d\u2019\u00e9quilibre et d\u2019enracinement.","thumbnail_url":"https:\/\/monastere.ca\/wp-content\/uploads\/2023\/08\/Image_OG_1200x675.png","thumbnail_width":1200,"thumbnail_height":675}

Monastère des Augustines

Atelier d’un jour - Équilibre et enracinement - Monastère des Augustines

<blockquote class="wp-embedded-content" data-secret="2Bge3fkPxt"><a href="https://monastere.ca/en/activity/atelier-dun-jour-equilibre-et-enracinement/">Atelier d’un jour &#8211; Équilibre et enracinement</a></blockquote><iframe sandbox="allow-scripts" security="restricted" src="https://monastere.ca/en/activity/atelier-dun-jour-equilibre-et-enracinement/embed/#?secret=2Bge3fkPxt" width="600" height="338" title="&#8220;Atelier d’un jour &#8211; Équilibre et enracinement&#8221; &#8212; Monastère des Augustines" data-secret="2Bge3fkPxt" frameborder="0" marginwidth="0" marginheight="0" scrolling="no" class="wp-embedded-content"></iframe><script type="text/javascript">
/* <![CDATA[ */
/*! This file is auto-generated */
!function(d,l){"use strict";l.querySelector&&d.addEventListener&&"undefined"!=typeof URL&&(d.wp=d.wp||{},d.wp.receiveEmbedMessage||(d.wp.receiveEmbedMessage=function(e){var t=e.data;if((t||t.secret||t.message||t.value)&&!/[^a-zA-Z0-9]/.test(t.secret)){for(var s,r,n,a=l.querySelectorAll('iframe[data-secret="'+t.secret+'"]'),o=l.querySelectorAll('blockquote[data-secret="'+t.secret+'"]'),c=new RegExp("^https?:$","i"),i=0;i<o.length;i++)o[i].style.display="none";for(i=0;i<a.length;i++)s=a[i],e.source===s.contentWindow&&(s.removeAttribute("style"),"height"===t.message?(1e3<(r=parseInt(t.value,10))?r=1e3:~~r<200&&(r=200),s.height=r):"link"===t.message&&(r=new URL(s.getAttribute("src")),n=new URL(t.value),c.test(n.protocol))&&n.host===r.host&&l.activeElement===s&&(d.top.location.href=t.value))}},d.addEventListener("message",d.wp.receiveEmbedMessage,!1),l.addEventListener("DOMContentLoaded",function(){for(var e,t,s=l.querySelectorAll("iframe.wp-embedded-content"),r=0;r<s.length;r++)(t=(e=s[r]).getAttribute("data-secret"))||(t=Math.random().toString(36).substring(2,12),e.src+="#?secret="+t,e.setAttribute("data-secret",t)),e.contentWindow.postMessage({message:"ready",secret:t},"*")},!1)))}(window,document);
//# sourceURL=https://monastere.ca/wp-includes/js/wp-embed.min.js
/* ]]> */
</script>

L’automne invite à revenir à soi et à ralentir. Profitez d’une journée en compagnie de Capucine Chartrand, où yoga, herboristerie et méditation vous outilleront pour trouver un espace d’équilibre et d’enracinement.
